2*q**2 - 3*q + 4. What is f(c)?
4
Let r be (-2 - -3)*-1*1. Let q(s) be the second derivative of 5*s**3/3 - s**2/2 + s. What is q(r)?
-11
Let i = 45 - 42. Let m(p) be the second derivative of -2*p + 1/2*p**2 - 1/6*p**i + 0. What is m(1)?
0
Let p(q) = 5*q**3 + 10*q**2 - 9*q - 7. Let z(r) = 9*r**3 + 20*r**2 - 18*r - 13. Let u(w) = 11*p(w) - 6*z(w). Let x be u(9). Let j(t) = 9*t + 1. Give j(x).
10
Let y(f) = -5*f - 2*f**2 + 2*f**3 - 2*f**3 + 0 + f**3 + 2. Give y(3).
-4
Let n(x) = -7*x**2 + 9*x - 11. Suppose -4*f + 3*g - 1 = 0, 2*g - 2 + 20 = -2*f. Let d(r) = -3*r**2 + 4*r - 5. Let a(s) = f*n(s) + 9*d(s). What is a(-1)?
0
Let w(i) = i**3 + 3*i**2 - 11*i + 1. Let r(m) = -3 - m - 4 + 7. Let o(z) = -6*r(z) + w(z). What is o(-4)?
5
Let h(y) = -2*y**3 + 10*y**2 - y + 9. Let j be h(5). Let g(s) be the first derivative of -1/4*s**j + 2*s**2 + 4/3*s**3 + 3 + 4*s. Calculate g(5).
-1
Suppose 3*p - 22 = -2*p + 4*t, p = -3*t + 12. Let o(q) = -q**2 + 5*q + 4. Give o(p).
-2
Let h(o) = -4*o. Let u(p) = p. Let f(w) = -h(w) - 5*u(w). Calculate f(-4).
4
Let k be ((-30)/25)/((-4)/10). Suppose -3*j = -g - 1 + k, 0 = -3*g - 4*j + 19. Let l(t) = -t**2 + 7*t. Determine l(g).
10
Let q(d) be the third derivative of -5*d**4/8 - d**3/6 - 4*d**2. Determine q(-1).
14
Let m(b) = -6*b. Let h = -4 - -5. Give m(h).
-6
Let y(x) = x + 11. Let u be y(-6). Suppose 2 + 18 = u*h. Suppose -2*c + 4 = -3*f - 4, h = -2*f. Let q(k) = -7*k + 1. Give q(c).
-6
Let v(m) = m + 11. Let x(b) = -5*b - 56. Let p(o) = 11*v(o) + 2*x(o). Determine p(-3).
6
Let x(a) = a**3 - 4*a**2 + 2*a - 3. Let n be x(4). Let r(s) = -2*s**3 - 12*s**2 + 7*s**2 + 3*s**3 + 6. Determine r(n).
6
Let x(u) = -2*u**3 + u**2 + u - 1. Let q = -27 + 28. Determine x(q).
-1
Let c(w) = -w**2 - w. Let z(h) = -h**3 - 9*h**2 - 2*h + 3. Let s(i) = -5*c(i) + z(i). Give s(-5).
13
Let j(n) = -n**2 - 9 + 9 + 3*n + 5. Calculate j(4).
1
Let f(q) = -2*q**3 + 5*q**2 - 5*q + 2. Let d = 95 + -92. Determine f(d).
-22
Let y(m) = -5*m - 3. Let h(b) = -4*b - 3. Let o(w) = 4*h(w) - 3*y(w). Let x(j) = j**2 + j + 4. Let a be x(0). What is o(a)?
-7
Let g(l) = l. Let u(b) = b**2 + 12*b + 3. Let w(x) = -5*g(x) + u(x). Determine w(-7).
3
Let t(v) be the third derivative of 0 + 0*v - 1/6*v**3 - 1/24*v**5 + v**2 - 1/360*v**6 + 1/12*v**4. Let y(q) be the first derivative of t(q). Give y(-3).
8
Let z = 30 + -15. Let o be ((-24)/z)/((-1)/5). Suppose 4*n - o = 4*u, -n + 5*u = -0*u - 6. Let j(h) = 4*h**2 - 1. Give j(n).
3
Let c(d) = -9*d + 15. Let v(h) = 5*h - 7. Let q(p) = -2*c(p) - 5*v(p). Let n(o) = o. Let b = 0 + -1. Let z(r) = b*q(r) - 6*n(r). Calculate z(0).
-5
Let c(h) = h + 3. Let y = -1 + 4. Suppose 0 = 5*t - 3*x - 32, t + y*x = -2*t. Suppose -30 = 3*q + t*a, -2*q + 9 = -6*q + 5*a. Calculate c(q).
-3
Let p be 2 - (1 - -2) - 9. Let t be 26/p - (-2)/(-5). Let w(o) = 2*o + 4. Determine w(t).
-2
Let n be 5/(-2)*(-16)/20. Let u(l) = 2*l + n*l + l - 4*l + 2. Let y be u(-4). Let g(a) = a. What is g(y)?
-2
Let r(i) = i**2 - 5*i + 1. Suppose 4*n = -5*z + 11 + 54, 2*z = 10. Let x be (3/(-2))/(5/n). Let u(d) = -d**3 - 3*d**2 - d. Let o be u(x). Determine r(o).
-5
Let c(f) = f - 1. Suppose -3*y + 4 = y. Let j = 3 - y. Suppose -12 = -j*t - 2*t. Calculate c(t).
2
Let x = -102 + 103. Let v(c) = -5*c**3 - 1. Give v(x).
-6
Let i(t) = 3*t**2 - 5*t - 1. Let o(h) = 4*h**2 - 6*h - 2. Let z(w) = 5*i(w) - 4*o(w). Determine z(-4).
-9
Let a = -5 - -10. Suppose -a*m - b = -5*b + 1, -4*m = b + 5. Let s(v) = 6*v**3 - v**2 + 1. Determine s(m).
-6
Let x = 17 + -11. Let g(a) = a - 3. Give g(x).
3
Let j(b) = -b**3 - 7*b**2 - 6*b + 3. Suppose -13 = -2*n + 3*c, 2*n + 2*c = 6 + 12. Let q be (-1086)/(-42) + (-2)/(-14). Suppose -3*p = q - n. Determine j(p).
3
Let x be (-6)/15 - 72/(-30). Let n(c) = -x + 4 - 1 + c**3 - 4*c + 3 + 5*c**2. Suppose -a - 6 = -0*a. Calculate n(a).
-8
Let u(b) = 4*b + 1. Let p be 2 - 3/6 - 2/4. Give u(p).
5
Let o(q) = 2*q**2 + 3*q - 1. Let y = 1 + 8. Let p = y - 7. Calculate o(p).
13
Let t(l) = -8*l**3 - 3*l**2 - 1. Let p(i) = -i**2 + 5*i**3 - 11*i**3 + 5*i**3. Let v(s) = -3*p(s) + t(s). Calculate v(-1).
4
Let j(k) = 2*k**3 + 16*k**2 + 3*k - 25. Let p(s) = s**3 + 8*s**2 + 2*s - 12. Let w be 0/3 + -1 - -4. Let d(x) = w*j(x) - 7*p(x). Calculate d(-7).
-5
Suppose 0 = h + 1 - 3. Suppose -h*s - 20 = 3*s. Let c(b) = -b. Let u(w) = -2*w + 1. Let d(m) = 4*c(m) - u(m). Calculate d(s).
7
Let j(y) = -y**2 - 2*y + 7. Let t be j(-5). Let g = t - -12. Let i(w) = -2*w - 4. Let d(u) = -5*u - 9. Let p(a) = -3*d(a) + 7*i(a). Give p(g).
3
Let l(x) = -x**2 - 7*x + 5. Let t(w) = w - 1. Let y be t(8). Suppose q + 3*g + y = -12, -2*g = -3*q - 13. Give l(q).
5
Suppose -5*y + 15 + 10 = 0. Suppose -o = 5*a + 10, -2*o - o = y*a + 10. Let s(h) = 3*h + 0 + 0. What is s(a)?
-6
Let d = 0 + -4. Let z(x) = -9 + 7 - 3*x + 4*x. Determine z(d).
-6
Suppose 4 = -4*z, -2*c = c + z + 7. Let v be ((2 + -2)/1)/c. Suppose v = 2*f + 3*p + 4 - 0, 0 = 2*f + p. Let d(a) = 6*a**3 - 2*a + 1. Determine d(f).
5
Suppose -6*h = 2*h - 48. Let d(u) = u**2 - 6*u - 4. What is d(h)?
-4
Let m(g) = -g**3 - 7*g**2 + 8*g. Let o be m(-8). Let r(k) = 3*k**2 - 4 + o*k**2 - 2*k**2 + 3*k. What is r(-3)?
-4
Let l(c) = 12*c + 3. Let h(v) = -v. Let u(a) = -18*h(a) - l(a). Give u(4).
21
Suppose -z + 3 + 5 = 4*x, 0 = -3*z. Let b = x + 3. Let o(v) = -v + 12. Give o(b).
7
Let w(d) = 3*d + 14. Let z(j) = 5*j + 26. Let v(f) = 7*w(f) - 4*z(f). Determine v(5).
-1
Let x(t) = -t**2 + 4*t - 6. Let d(j) = -j**2 + 3*j - 4. Let a(m) = 5*d(m) - 4*x(m). What is a(3)?
-8
Let h(a) = 3*a**3 + a**2 + 2*a + 3. Suppose -4*k = -16, 0 = -d + 3*k + 9 - 23. What is h(d)?
-21
Let p(b) = b. Suppose r + 6 - 2 = -3*y, 2*y - 4 = r. Calculate p(y).
0
Let y(p) = -p**2 + 6*p + 7. Let l = -2 - -9. Let d be y(l). Let x(r) be the third derivative of -r**4/24 - r**3/6 - r**2. Give x(d).
-1
Suppose l + 8 = -2*r, -5*l + 4 = 3*r + 23. Let p = 2 + r. Let m(j) be the second derivative of j**4/4 - j**3/3 - j**2/2 - j. What is m(p)?
4
Let k be (-5)/(-1) + (-3)/(-3). Let w(x) = x**3 - 7*x**2 + 6*x - 1. Give w(k).
-1
Let m be 136/(-24) - 4/(-6). Let j be m*3/(-15)*2. Let l(t) = -2*t - 2 - 2 + 6 + t**2. Give l(j).
2
Let f(t) = -5*t + 0*t**2 - 6*t + 6*t - 7 + t**3 - 6*t**2. Give f(7).
7
Let w(d) = -2*d**3 + d**2 - d + 1. Suppose 1 = -4*u + x, 0 = u + 3*x - 9 - 7. Calculate w(u).
-1
Suppose 0 = u + 4*z - 0*z + 9, -z + 24 = 4*u. Let q(p) = p**2 - 8*p + 7. Calculate q(u).
0
Let u(i) = -i**3 - 7*i**2 + 4. Let n(r) = -r. Let o be n(7). What is u(o)?
4
Let z(i) = 2*i - 1. Let x(s) = -9*s + 8. Let j(o) = -x(o) - 4*z(o). Give j(12).
8
Suppose 137*j + 5 = 132*j. Let m(g) = 3*g**3 + g**2 - 3*g + 3. Let l(k) = 7*k**3 + 2*k**2 - 5*k + 5. Let n(q) = -3*l(q) + 5*m(q). Determine n(j).
5
Let g(q) = 2*q**2 - 7*q + 5. Suppose 0*r = 5*r - 60. Let x = -8 + r. What is g(x)?
9
Let k(s) = 2*s**2 - 2*s - 1. Suppose 2*r = -3*l + 15, 5*r + 15 = 10*r. Give k(l).
11
Let f(j) be the first derivative of j**4/4 + 2*j**3 + 3*j**2 - 4*j + 6. Determine f(-5).
-9
Let c(w) = 1 - 3 + 3 + 1 - 3*w - w**2. Suppose 3*m + 20 = b, -5*m - 20 = -m + 2*b. Let t(f) = 2*f**2 + 7*f - 4. Let h(s) = m*t(s) - 13*c(s). What is h(4)?
2
Suppose 15*i - 10*i = 15. Let d(c) = -3*c**2 - 12*c**3 + 6*c**3 + 7*c**i + 1 - 5*c + 7*c**2. What is d(-5)?
1
Let l = -135 - -124. Let i(h) = h**3 + 10*h**2 - 11*h. Determine i(l).
0
Let n = 1 - -4. Suppose 4 + 6 = n*l. Let d(o) = -6*o + 1. Calculate d(l).
-11
Let f(r) = r**3 - r**2 + 2. Let t be 2*(1/(-1) + 2). Determine f(t).
6
Let y = 3 - 0. Let i(r) = r + 4. Give i(y).
7
Let m(k) = k - 5. Let n be m(5). Suppose 0 = 2*z + 2*i - 14, n = -2*z - 5*i + 3 + 20. Let f(u) = u**3 - 4*u**2 - 3*u + 5. Calculate f(z).
-7
Suppose -3*k + 4 = 13. Let s(j) be the third derivative of j**5/60 + j**4/24 - j**3/3 + 9*j**2. Determine s(k).
4
Let j(x) = -x**3 - 6*x**2 - 3*x - 5. Suppose g + 5 = -0*g. Calculate j(g).
-15
Let y(i) = 3*i**2 + 2*i. Let k(w) = -w**3 - 9*w**2 - 8*w + 4. Let j be k(-8). Suppose -4*x = 2 + 22. Let p = j + x. What is y(p)?
8
Let h(d) = 1 - 1 + 3 + d + 2*d. Suppose 4 - 12 = 2*r. Give h(r).
-9
Let d(l) = -5 - 1 + 7 - 15*l + 17*l. What is d(1)?
3
Let r = -241 + 235. Let d(t) = -2*t + 2*t + 3*t + 8. Determine d(r).
-10
Let m = 416 - 418. Let d(u) be the second derivative of -u**4/12 - u**3/3 - 3*